= -0*f - 2*f + r + 46. What is the remainder when 45 is divided by f?
22
Suppose -1 = b, -2*p = 4*b - 77 - 25. Suppose p = 2*d - 27. Calculate the remainder when d is divided by 84/9*(-6)/(-4).
12
Let z(o) = o**3 + 8*o**2 - 5*o - 1. Calculate the remainder when z(-7) is divided by 21.
20
Suppose 2*g + 228 = 5*g. Let c(s) = -s**2 - 11*s + 2. Calculate the remainder when g is divided by c(-8).
24
Suppose f + 3*f = 4. Calculate the remainder when (4/3)/(2/6) is divided by ((-3)/4)/(f/(-4)).
1
Suppose -j + 14 = 5*x, 3*j - 4 = 2*x + 4. Suppose 0 = 2*w - j*w + 10. Let c = 13 - w. Calculate the remainder when c is divided by 5.
3
Let n be (7/21)/(1/18). Suppose 0 = 2*o + 2, -193 = 2*v - n*v + 5*o. Calculate the remainder when v is divided by 16.
15
Calculate the remainder when 64 is divided by (9 - -4)/(2/2).
12
Let p be 3 - ((1 - 1) + 1). Suppose v - 5*v + 360 = 0. Suppose v = p*y + y. What is the remainder when y is divided by 16?
14
Let w(o) = 6*o - 2. Let p be w(-2). Let u = 27 + p. Let m = -22 + 60. Calculate the remainder when m is divided by u.
12
What is the remainder when -3 - (-24 - (-4 + 0)) is divided by 5?
2
Let q = 19 - 12. Let t = -28 - -30. What is the remainder when q is divided by 1/2*(t + 6)?
3
Suppose 15 = v - 4*h, -h - 9 = v - 3*v. What is the remainder when (8/(-6))/((-2)/6) is divided by v?
1
Suppose 6 = -5*x + 2*x. What is the remainder when (-5)/10*(0 + x) is divided by (2 - 0)*1/2?
0
Suppose 813 = 11*h - 507. What is the remainder when h is divided by 11?
10
Suppose 2*u + 4*i - 28 = 0, -5*u - i + 25 = -0*i. Suppose 0 = 3*t + u*n, 3*t - n = -6*n - 3. Calculate the remainder when 9 is divided by t.
1
Let v(g) = g**2 + 6*g + 8. Let l be v(-6). Suppose -l = -w + 4. What is the remainder when 35 is divided by w?
11
Let a be (29/2)/(2/(-4)). Let k = -20 - a. What is the remainder when 34 is divided by k?
7
Let m = -20 - -33. Suppose -12 = -4*n + 4*r, -5*r + m = n + n. Suppose 59 = 3*o + n*l, 13 = 4*l + 5. Calculate the remainder when 49 is divided by o.
15
Suppose -v = 6 - 16. Calculate the remainder when (-8)/(-20) - (-226)/v is divided by 8.
7
Let q = -6 + 19. Let z(t) = -3*t**2 + 3*t + 1. Let f(i) = 4*i**2 - 3*i - 1. Let p(m) = 5*f(m) + 4*z(m). What is the remainder when p(-2) is divided by q?
11
Let s(n) = n**3 + 10*n**2 - 12*n - 7. Let b(r) = 3 + 1 - 3 + r. What is the remainder when s(-11) is divided by b(2)?
1
Let v = 23 + -20. Suppose -v*u + 66 = g, g = -u - 0*g + 20. Calculate the remainder when u is divided by 6.
5
Let u(s) = s**3 - 5*s**2 + 4*s - 15. What is the remainder when u(6) is divided by 16?
13
Suppose 0 = -y - 0 + 3. Suppose -y*d = -1 - 8, 0 = 3*t + 5*d - 81. Calculate the remainder when t is divided by 8.
6
Suppose 174 = 4*r + 46. What is the remainder when 381 is divided by r?
29
Suppose -4*v = -f - v + 19, 4*f - 41 = 5*v. Let y be 6/(-15) - (-117)/5. Let w = y + -13. What is the remainder when w is divided by f?
2
Suppose 0 = 4*q - 3*b + 160, q - b - b = -40. Let n = -29 - q. What is the remainder when (-2)/(-4) + 78/4 is divided by n?
9
Let d(r) = 8*r. What is the remainder when d(7) is divided by 19?
18
Suppose 6*o - 140 = o + 5*j, 4*o + j - 97 = 0. Suppose -2*v = -6 - 12. Calculate the remainder when o is divided by v.
7
Let x(v) = -v**2 - 8*v + 3. Calculate the remainder when x(-7) is divided by 6.
4
Let h(c) = -c - 4. Suppose u = 3*u + 20. Let i(v) = v**2 + 3*v + 7. Calculate the remainder when i(-5) is divided by h(u).
5
Suppose g - 10 = 5*n - 31, 4*g - 41 = -5*n. Suppose 0 = -3*k - g*l + 55, -3*k + l = -4*l - 100. Calculate the remainder when 74 is divided by k.
24
Let r be 6*((-6)/(-4))/3. Suppose -r*p = -5*v + 56, -2*p - 10 = 3*p. What is the remainder when 17 is divided by v?
7
Suppose 0 = -8*u + 292 + 20. What is the remainder when u is divided by 11?
6
Suppose -24 + 11 = -v. What is the remainder when v is divided by 7?
6
Suppose 0 = -3*b + 3*s + 60, 3*b + 4*s - 80 = 3*s. Let a(k) = 2*k + 3. What is the remainder when b is divided by a(3)?
7
What is the remainder when (363/(-22))/(2/(-12)) is divided by 20?
19
Let a(j) = 2*j. Let z be a(-2). Suppose 4*n = -20, 2*p - 2*n - 3 = 11. What is the remainder when 17 is divided by 7 - (z/p + 3)?
5
Let z = -6 - -4. Let f = 6 + z. Suppose h - f*c = 12, -3*c - 2 + 0 = h. Calculate the remainder when 11 is divided by h.
3
What is the remainder when (-185)/(-3) - 4/(-12) is divided by 21?
20
Suppose l - 3 = -0. Suppose -t = l*r - 17, 3*t + 3*r - 46 = 5. What is the remainder when t is divided by 5?
2
Suppose 0 = -0*u - 3*u - 288. Let y = u - -154. What is the remainder when y is divided by 20?
18
Suppose -3*z - 9 = -5*z + i, 2*i = 5*z - 25. Suppose v - 6 = z. What is the remainder when 2/(4/49)*2 is divided by v?
10
Suppose -2*o - 151 = -5*z, -3*o + 78 = 4*z - z. Calculate the remainder when 113 is divided by z.
26
Suppose -203 = -3*k + 16. What is the remainder when k is divided by 19?
16
Suppose 4 = -2*s + 5*p + 1, 2*s - 37 = -3*p. Calculate the remainder when 30 is divided by s.
8
Calculate the remainder when -15 + 82 + (3 - 1) is divided by 24.
21
Let k(f) = f**2 + 5*f + 6. Let p = 79 - 33. Let o = p + -12. What is the remainder when o is divided by k(-6)?
10
What is the remainder when 36 is divided by -13*(4 + -5 + 0)?
10
Suppose -3*g + 0*g + 3 = 0. Suppose -25 = 5*d, d = -t - 0*d - 9. Let c = t + 7. Calculate the remainder when c is divided by g.
0
Suppose v = -3*v - 180. Let w(m) = -8*m + 18. Let b be w(-7). Let a = b + v. Calculate the remainder when a is divided by 8.
5
Let j be -3 + 558/2 + 0. Suppose 3*d + j = 6*d. Suppose b - 5*b = -d. What is the remainder when b is divided by 12?
11
Suppose 115 - 7 = 4*n. What is the remainder when n is divided by 15?
12
Suppose 0 = 2*y - 4*y + 294. Suppose -5*m = 3*a - 1045, -m + 50 + 166 = 2*a. Let g = m - y. What is the remainder when g is divided by 20?
19
Let c(s) = -s + 8. Let y be c(0). Let m(l) = l - l**2 + 0*l**2 + 2 + y. What is the remainder when m(0) is divided by 6?
4
Let x(n) = -4*n - 7. What is the remainder when 24 is divided by x(-5)?
11
Suppose -4*c + 0 = 2*m - 2, -5*c + 7 = m. Suppose 7 = 4*q - 1. Suppose -c*p = q - 18. Calculate the remainder when p is divided by 3.
2
Let v = -16 - -22. Let k(u) = 29*u - 5. Let o be k(-7). Calculate the remainder when 4/(-6) - o/v is divided by 12.
10
Let g be -5*(17/5 + -3). Let b = 3 + g. Let t(h) = 8*h - 1. What is the remainder when t(b) is divided by 4?
3
Suppose 441 = 4*q + 81. Suppose 2*i + 3*i - q = 0. What is the remainder when i is divided by 10?
8
Suppose -48 = -4*z - 2*t, -5*z - 2 = -3*t - 73. Suppose 0 = 5*m - 5*n, m + 5 = -n + 13. Suppose 2*u - m*u = -10. Calculate the remainder when z is divided by u.
3
What is the remainder when 16/32 - (-1 + (-422)/4) is divided by 11?
8
Let u(o) = -o**3 + 10*o - 6. What is the remainder when u(-5) is divided by 18?
15
What is the remainder when 147 is divided by (-14)/2*370/(-70)?
36
Suppose 84 = 8*p - 2*p. Suppose 4*d = -0*d + 2*o + 208, 174 = 3*d + 3*o. What is the remainder when d is divided by p?
12
Suppose -5*d + u + 140 = 0, 5*d = 5*u - u + 125. What is the remainder when 56 is divided by d?
27
Let h = 6 + -6. Suppose h = -w + 6*w + 25. What is the remainder when 35 is divided by (-36)/(-10)*w/(-2)?
8
Suppose -5*b + 3*q = -22 - 8, 5*b + 2*q = 5. Calculate the remainder when b + -5 + -1 + 24 is divided by 12.
9
Let g = -42 + 63. Suppose -4*o = 3*h - 18, -h - 5 = -4*o + 21. Calculate the remainder when g is divided by o.
3
Let a(f) = 2*f**2 + 7*f - 6. Calculate the remainder when 20 is divided by a(-5).
2
Let c be -1 - -1*2*2. Suppose -c*s + 26 + 7 = 0. Suppose -y + 37 = 5*u, -2*u + 35 = 3*y - 63. Calculate the remainder when y is divided by s.
10
Suppose x - l = l + 7, -4*x - 5*l = -28. Calculate the remainder when 29 is divided by x.
1
Let m(g) = -9*g + 46. Calculate the remainder when m(0) is divided by 16.
14
Let n(a) = -a**2 + 17*a - 6. Calculate the remainder when n(10) is divided by 33.
31
Let v = -17 - -19. Let l be 1/(((-8)/(-6))/4). Suppose 4*g - l*g = 2. What is the remainder when v is divided by g?
0
Suppose 5*v + 190 = -a + 6*a, 0 = -a - v + 46. What is the remainder when a is divided by 11?
9
Suppose -3*q + 1 = -q + a, -5*q - 20 = -5*a. What is the remainder when (-1)/(q*(1 + 0)) is di